factors of r?
2, 3
Let x = 582 - 353. List the prime factors of x.
229
List the prime factors of (27/6)/(0 - (-2)/76).
3, 19
Let d = 5 - 15. Let y(u) = -u**3 - 9*u**2 + 9*u - 3. List the prime factors of y(d).
7
Suppose 3*i = 3*r - 150, r - 2*r - 280 = 5*i. Let s = i - -77. List the prime factors of s.
2, 11
Suppose 5*c = 4*c. Suppose 25 = -c*i + 5*i. What are the prime factors of i?
5
Let p be (-2)/(-1)*(2 + -1). Let y be 7 + (2 - 2) - p. Suppose 3*l = y*g + 53, 7 = 3*l + g - 22. What are the prime factors of l?
11
Suppose -4*a = a - 105. List the prime factors of (-202)/(-14) - 9/a.
2, 7
Let d(a) = -13*a + 21. What are the prime factors of d(-11)?
2, 41
Suppose -17 = -5*t + 58. What are the prime factors of t?
3, 5
Suppose 3*i + 42 = 3*a, 4*a + 38 = -3*i + 3*a. Let u(r) = 3*r**3 - r + 2. Let o be u(2). Let m = i + o. List the prime factors of m.
11
Let y(c) = -4*c + 9. Let t(b) = -2*b + 4. Let d(u) = -5*t(u) + 2*y(u). What are the prime factors of d(4)?
2, 3
Let t = 22 + -13. Let g be -7*t*3/(-9). List the prime factors of (-28)/g*15/(-2).
2, 5
List the prime factors of ((80/(-6))/4)/((-7)/126).
2, 3, 5
Let z(g) = -180*g - 2. List the prime factors of z(-2).
2, 179
Let v(a) = -a**3 - a**2 - a + 1. What are the prime factors of v(-3)?
2, 11
Let x(v) be the second derivative of v**4/12 + v**3/6 - v**2/2 + 4*v. Let m(n) = -n**3 + 5*n**2 - 4*n + 2. Let r be m(4). List the prime factors of x(r).
5
Let o(k) be the first derivative of -11*k**7/840 + k**4/24 + k**3/3 - 1. Let a(r) be the third derivative of o(r). List the prime factors of a(-1).
2, 3
Let y = -15 - -17. What are the prime factors of 11/(0 - (-3 + y))?
11
Suppose 3*b - 2*x = 19, 3*b + 2*x - 9 = -x. Suppose -q + 3*q - 20 = -2*k, 3*k = b*q + 46. List the prime factors of k.
2, 3
Let m = 54 + -14. List the prime factors of m.
2, 5
Suppose f - 140 = -5*x, 0*x - 3*x + 4*f + 107 = 0. What are the prime factors of x?
29
Let o = -259 + 380. What are the prime factors of o?
11
Let m be (2 - 1)*(-2 - -1). What are the prime factors of m/((-1)/(2 + 3))?
5
Let c(q) = q**2 - 6*q + 6. Let u be c(5). Suppose u = -2*w - 3*v, -3*w = -5*v - 41 - 5. List the prime factors of w.
7
Let z = 212 + -67. List the prime factors of z.
5, 29
Let l = 1 - 4. Let a = 3 + l. Suppose 4*g + 2*c - 4*c - 48 = a, 5*c + 21 = g. What are the prime factors of g?
11
Let q(h) = -2*h - 3. Let v be q(8). Let j be (0 + 3/(-2))*-20. Let n = v + j. List the prime factors of n.
11
Suppose 478 = 2*y - 4*s + 138, 5*s = -y + 205. What are the prime factors of y?
2, 3, 5
Let y(l) = -l**2 + 4*l - 6. Let d = 2 - -2. Let t be y(d). Let b = 10 + t. What are the prime factors of b?
2
What are the prime factors of ((-4)/(-6))/((-4)/(-90))?
3, 5
Suppose -5*a = -3*a + 8. List the prime factors of 1/2 - 42/a.
11
Suppose 0 = -9*i + 6*i + 258. What are the prime factors of i?
2, 43
Let n = -7 - -12. List the prime factors of n.
5
Let a(m) = -3*m + 7. Suppose -h - 3*w - 21 = 0, h + 2*h - 3*w + 3 = 0. What are the prime factors of a(h)?
5
Suppose b - d = 6, -4*d + 5 = -3*d. Suppose -5*i + 69 = -b. What are the prime factors of i?
2
Let p = 11 - 8. Suppose -9 = -p*b + 12. Let q(z) = z**3 - 6*z**2 - 5*z - 7. List the prime factors of q(b).
7
Let b(i) = i**3 - 3*i**2 - i + 3. Let p be b(3). Suppose 3*z - 71 - 67 = p. Suppose 4*m - z = -5*q + 13, 3*q + 24 = 3*m. List the prime factors of m.
11
Let h be 88/14 + (-4)/14. Suppose 0 = -h*z + 2*z + 48. List the prime factors of z.
2, 3
Suppose 37 - 227 = -5*s + 3*h, 5*h = 0. List the prime factors of s.
2, 19
Suppose -5*t = -5*l - 95, 2*t - t = -3*l + 39. Suppose -b - 8 = y - t, 0 = 5*y + 2*b - 68. What are the prime factors of y?
2, 3
Let d be -2 - (-3 + 1) - -4. Suppose -i - d*i = 0, -4*j - 2*i + 48 = 0. List the prime factors of j.
2, 3
Let h = 7 - 5. Suppose -d - 12 = 4*f, -h*d - f + 5 = 1. List the prime factors of d.
2
List the prime factors of (1 + 0 - (-7 - -11)) + 55.
2, 13
Let x(y) = -y**2 - 7*y - 4. Let c be x(-6). Suppose 0 = i - c*i. Let d = 4 - i. What are the prime factors of d?
2
Suppose -2*q + 3*q = 4*s - 152, -3*s + 4*q + 114 = 0. What are the prime factors of s?
2, 19
Suppose r - 4 = n, -2*n = -0*n + r - 4. List the prime factors of (-4 + n)/2 + 12.
2, 5
Let b = 5 - 1. What are the prime factors of b?
2
List the prime factors of (1 + 24)/(4 - 3).
5
Let f(x) = -x**2 + 6*x - 5. Let l(s) = s**3 - 14*s**2 + 14*s + 9. Let y be l(13). Let g be (-10)/25 - y/(-5). List the prime factors of f(g).
3
Suppose 5*y + 23 = 4*g, 0*g = -4*g - 5*y - 7. Suppose g*w = w + 8. What are the prime factors of w?
2
Let k(y) = 3*y - 4 + 3 - y**2 + 0*y**2 + 4. What are the prime factors of k(3)?
3
Let f(i) = 2*i**2 - 2. Let m be f(-2). Let d = 9 - m. List the prime factors of d.
3
Suppose -2*z + 264 = 2*z. List the prime factors of z.
2, 3, 11
Suppose r - y = 24, 0 = -r + 6*y - 4*y + 19. What are the prime factors of r?
29
Let p = -741 + 1040. List the prime factors of p.
13, 23
Suppose c - 7 = -1. Suppose 25 = c*w - w. What are the prime factors of 18 + (3 - w) - -3?
19
Suppose 2*w + 6 = 0, 3*l + 3*w = -2*l + 81. Let m = l - 3. What are the prime factors of m?
3, 5
Let a(z) be the second derivative of z**3/6 - 2*z. Let i be a(4). List the prime factors of ((-8)/i)/((-2)/18).
2, 3
Let h(o) = 19*o - 1. Let y be h(-1). Let m = 4 - y. List the prime factors of m.
2, 3
Suppose b + 6 = 4*b. Suppose 0 = b*d - 8, -4*d + 8*d = 3*g - 11. List the prime factors of (21/9)/(1/g).
3, 7
List the prime factors of (6/4)/(3*1/192).
2, 3
Suppose 3 = 3*j - 9. Suppose 2*q - 84 = -j*c + 32, -q = 4*c - 120. List the prime factors of c.
31
Let r(u) = 5*u - 2. Let v be r(4). Suppose -2*j = 2*h - v, -2*h + 5*j = 19 - 65. What are the prime factors of h?
13
Suppose -5*u = 7 + 33. Suppose -4*i = -i + 39. Let v = u - i. List the prime factors of v.
5
Suppose -3*n + 5*n + 28 = 0. Let w = -10 - n. List the prime factors of w.
2
Let o = -7 + 28. Let f = o - 14. What are the prime factors of f?
7
List the prime factors of 16 + (-7)/(28/8).
2, 7
Let c(x) = x**2 + 11*x - 34. List the prime factors of c(7).
2, 23
Let j = 7 - 20. List the prime factors of 3 - j/(1 - 0).
2
Let k = 5 - 2. Let y = 86 - 62. Suppose -k*w = -3*b + y, -5*w = -0*w + 15. List the prime factors of b.
5
Suppose 2*z + 0*z - 2*d = 8, 2*z + 5*d = 36. What are the prime factors of z?
2
Suppose 34 + 18 = 4*d. Suppose 2*t = -l + d, -t + 5*t = 12. List the prime factors of l.
7
Suppose -2*v = -2*p + 8, p - 2 = 4*v + 14. Let r = 9 + v. Suppose 0 = 4*y + r - 45. List the prime factors of y.
2, 5
Suppose -t - 2 = -39. List the prime factors of t.
37
Let a(z) = z - 4. Let j be a(0). What are the prime factors of 2/j - 429/(-22)?
19
Let q(y) be the third derivative of -y**6/24 + y**4/12 - y**3/6 + 3*y**2. Let l be q(1). Let v(h) = h**2 + 2*h - 2. List the prime factors of v(l).
2, 3
Let g(t) = -6*t**3 - 5*t**2 - 4*t - 1. List the prime factors of g(-3).
2
Suppose -2*o - 2 = 2. Let r(h) = -2*h**2 + 4*h - 8. Let u(w) = 2*w**2 - 3*w + 7. Let t(n) = 6*r(n) + 7*u(n). What are the prime factors of t(o)?
3
Let t(r) = -r**2 + 5*r + 7. Let s be t(7). Let b = s + 13. What are the prime factors of b?
2, 3
Suppose -3*z - 3 = 5*t, t + 4*z + 4 = -t. Suppose -5*s + 8*s - 45 = t. What are the prime factors of s?
3, 5
Let l(j) = j - 12. Let z(g) = 2*g - 12. Let r(p) = -3*l(p) + 2*z(p). Let a be 0/(-2 - 0)*-1. What are the prime factors of r(a)?
2, 3
Suppose r + 2 = 72. What are the prime factors of r?
2, 5, 7
Suppose 0 = -4*t + 3*t. Suppose -22 = -o - t*o. What are the prime factors of o?
2, 11
Let l = 5 - 3. Suppose -3*m = -l*o - 54, -2*m + 36 = -0*m - 4*o. What are the prime factors of m?
2, 3
Suppose x = -10 + 1. Let j = x + 22. Let v = -6 + j. List the prime factors of v.
7
What are the prime factors of 1/2 + 476/8?
2, 3, 5
Suppose 4*r + 5 = 1. Let q be (r + 1)/(-3) + 10. Suppose 6*x + 2*g - q = 3*x, -2*g = 2. What are the prime factors of x?
2
Suppose 12 = -3*v, -5*z - 210 = -4*v - 576. Suppose -5*f + z = -2*y, 4*f = 3*y - 6*y + 33. List the prime factors of f.
2, 3
Let d(h) = h**3 - h**2 - 2*h + 2. Let i be d(-4). List the prime factors of (i/(-5))/((-1)/(-1)).
2, 7
Suppose -5*t + 386 = -2*t + k, 0 = -2*t - 2*k + 260. Suppose 6*s - 46 - t = 0. What are the prime factors of s?
29
Suppose 9*h - 177